e prime factors of 646296.
2, 3, 7, 3847
List the prime factors of 2514873.
3, 89, 9419
List the prime factors of 402884.
2, 47, 2143
List the prime factors of 5765.
5, 1153
What are the prime factors of 4927342?
2, 7, 137, 367
What are the prime factors of 108905?
5, 23, 947
List the prime factors of 193680.
2, 3, 5, 269
What are the prime factors of 1040305?
5, 7, 29723
List the prime factors of 561983.
561983
What are the prime factors of 1770689?
31, 57119
List the prime factors of 20735725.
5, 29, 37, 773
List the prime factors of 2658855.
3, 5, 177257
What are the prime factors of 2083869?
3, 23, 10067
What are the prime factors of 201671?
17, 11863
List the prime factors of 346239.
3, 17, 31, 73
What are the prime factors of 10331224?
2, 227, 5689
List the prime factors of 95247.
3, 19, 557
List the prime factors of 1118417.
271, 4127
What are the prime factors of 9751?
7, 199
What are the prime factors of 20733741?
3, 7, 23, 41, 349
What are the prime factors of 1362664?
2, 59, 2887
What are the prime factors of 9693613?
89, 108917
What are the prime factors of 5859792?
2, 3, 40693
What are the prime factors of 25230550?
2, 5, 17, 29683
What are the prime factors of 316904?
2, 7, 5659
What are the prime factors of 59454?
2, 3, 367
List the prime factors of 240667.
7, 34381
List the prime factors of 756117.
3, 29, 2897
List the prime factors of 345680.
2, 5, 29, 149
List the prime factors of 7842835.
5, 7, 11, 13, 1567
List the prime factors of 958186.
2, 659, 727
What are the prime factors of 777098?
2, 7, 47, 1181
What are the prime factors of 3353754?
2, 3, 37, 15107
What are the prime factors of 1977596?
2, 19, 26021
What are the prime factors of 2100789?
3, 29, 2683
List the prime factors of 9764153.
7, 821, 1699
What are the prime factors of 208114?
2, 17, 6121
What are the prime factors of 66511?
227, 293
List the prime factors of 5424793.
11, 107, 419
List the prime factors of 650758.
2, 325379
What are the prime factors of 174289?
174289
What are the prime factors of 17903440?
2, 5, 29, 7717
List the prime factors of 1256018.
2, 151, 4159
What are the prime factors of 13894236?
2, 3, 17, 73, 311
List the prime factors of 652219.
47, 13877
What are the prime factors of 16526892?
2, 3, 47, 29303
What are the prime factors of 181100?
2, 5, 1811
What are the prime factors of 779411?
67, 11633
What are the prime factors of 1303241?
1303241
List the prime factors of 5868906.
2, 3, 978151
List the prime factors of 212647.
337, 631
List the prime factors of 12336134.
2, 1663, 3709
What are the prime factors of 5763155?
5, 1152631
List the prime factors of 449234.
2, 224617
List the prime factors of 355418.
2, 7, 53, 479
List the prime factors of 13734400.
2, 5, 29, 37
List the prime factors of 5934806.
2, 2967403
List the prime factors of 1190507.
1190507
List the prime factors of 1660815.
3, 5, 13, 17, 167
What are the prime factors of 163680?
2, 3, 5, 11, 31
What are the prime factors of 2684270?
2, 5, 41, 6547
List the prime factors of 3719.
3719
What are the prime factors of 108914?
2, 13, 59, 71
List the prime factors of 8863535.
5, 37, 47911
List the prime factors of 10384574.
2, 5192287
List the prime factors of 3367631.
43, 78317
List the prime factors of 583737.
3, 7, 11, 19
List the prime factors of 4318086.
2, 3, 719681
List the prime factors of 149380.
2, 5, 7, 11, 97
List the prime factors of 1053725.
5, 113, 373
List the prime factors of 10587405.
3, 5, 705827
What are the prime factors of 505?
5, 101
What are the prime factors of 6756091?
6756091
What are the prime factors of 61628?
2, 7, 31, 71
What are the prime factors of 120840?
2, 3, 5, 19, 53
List the prime factors of 3583260.
2, 3, 5, 17, 1171
What are the prime factors of 4586261?
37, 123953
List the prime factors of 12223373.
23, 179, 2969
List the prime factors of 536242.
2, 7, 38303
What are the prime factors of 97269?
3, 32423
List the prime factors of 8442196.
2, 7, 23, 13109
List the prime factors of 15231360.
2, 3, 5, 7933
List the prime factors of 2224055.
5, 444811
List the prime factors of 148067.
19, 7793
List the prime factors of 15005426.
2, 31, 41, 5903
List the prime factors of 9447690.
2, 3, 5, 7, 6427
List the prime factors of 3486113.
3486113
What are the prime factors of 1178804?
2, 11, 73, 367
What are the prime factors of 511033?
511033
What are the prime factors of 1382964?
2, 3, 11, 10477
What are the prime factors of 13862938?
2, 37, 187337
What are the prime factors of 38?
2, 19
What are the prime factors of 1697747?
29, 58543
What are the prime factors of 394881?
3, 131627
What are the prime factors of 14295146?
2, 7147573
List the prime factors of 11411141.
7, 73, 137, 163
List the prime factors of 1658932.
2, 11, 37, 1019
What are the prime factors of 272072?
2, 71, 479
List the prime factors of 1079848.
2, 7, 11, 1753
List the prime factors of 19746975.
3, 5, 263293
List the prime factors of 24498658.
2, 2357, 5197
What are the prime factors of 7004575?
5, 280183
What are the prime factors of 260823?
3, 227, 383
List the prime factors of 1281681.
3, 17, 8377
List the prime factors of 3991725.
3, 5, 113, 157
What are the prime factors of 2912264?
2, 31, 11743
What are the prime factors of 70959?
3, 7, 31, 109
List the prime factors of 5062057.
7, 11, 13, 389
List the prime factors of 26600996.
2, 1069, 6221
What are the prime factors of 229096?
2, 7, 4091
What are the prime factors of 33162207?
3, 13, 701, 1213
What are the prime factors of 920657?
71, 12967
What are the prime factors of 4166449?
7, 595207
List the prime factors of 249489.
3, 19, 1459
List the prime factors of 378201.
3, 126067
What are the prime factors of 9564?
2, 3, 797
What are the prime factors of 1358204?
2, 457, 743
What are the prime factors of 2278198?
2, 13, 87623
What are the prime factors of 15431945?
5, 3086389
What are the prime factors of 3000680?
2, 5, 75017
List the prime factors of 1629858.
2, 3, 17, 19, 29
List the prime factors of 1255675.
5, 50227
List the prime factors of 11279946.
2, 3, 173, 10867
List the prime factors of 818499.
3, 11, 17, 1459
What are the prime factors of 4253710?
2, 5, 73, 5827
List the prime factors of 202811.
7, 4139
What are the prime factors of 1593284?
2, 7, 11, 739
List the prime factors of 3895426.
2, 73, 26681
What are the prime factors of 457452?
2, 3, 97, 131
List the prime factors of 245139.
3, 41, 1993
What are the prime factors of 352152?
2, 3, 67, 73
What are the prime factors of 137895?
3, 5, 29, 317
List the prime factors of 4529178.
2, 3, 251621
List the prime factors of 80349.
3, 26783
What are the prime factors of 451892?
2, 7, 16139
List the prime factors of 6014911.
7, 859273
What are the prime factors of 10376347?
211, 49177
List the prime factors of 39050701.
39050701
List the prime factors of 270682.
2, 41, 3301
What are the prime factors of 296689?
227, 1307
List the prime factors of 669731.
19, 101, 349
List the prime factors of 9886464.
2, 3, 7, 613
What are the prime factors of 23919?
3, 7, 17, 67
What are the prime factors of 84013?
29, 2897
List the prime factors of 1922516.
2, 239, 2011
List the prime factors of 20710868.
2, 173
List the prime factors of 102194.
2, 37, 1381
What are the prime factors of 1802321?
19, 29, 3271
List the prime factors of 8439857.
19, 113, 3931
List the prime factors of 763552.
2, 107, 223
What are the prime factors of 20989098?
2, 3, 13, 29, 1031
What are the prime factors of 878365?
5, 175673
List the prime factors of 7377753.
3, 1439, 1709
What are the prime factors of 7782531?
3, 1049, 2473
List the prime factors of 11499562.
2, 5749781
What are the prime factors of 11848353?
3, 11, 359041
List the prime factors of 1198939.
7, 59, 2903
List the prime factors of 1622298.
2, 3, 127, 2129
What are the prime factors of 185686?
2, 227, 409
List the prime factors of 123487.
7, 13, 23, 59
What are the prime factors of 7382071?
241, 30631
List the prime factors of 244255.
5, 11, 4441
What are the prime factors of 6146525?
5, 7, 11, 31, 103
List the prime factors of 3107047.
23, 135089
List the prime factors of 14401722.
2, 3, 269, 8923
What are the prime factors of 6081045?
3, 5, 19, 1123
What are the prime factors of 246270?
2, 3, 5, 8209
List the prime factors of